ns digit of a?
1
Let k(c) = -8*c - 22*c**2 + 12*c**2 + 16*c + c**3. What is the tens digit of k(10)?
8
Let f = 1112 - 778. What is the hundreds digit of f?
3
What is the hundreds digit of (4858/(-42))/(1/(-27))?
1
Suppose 5*m + 4*r = 5245, 2*m + 7*r - 9*r - 2116 = 0. What is the thousands digit of m?
1
Let o(a) = 113*a - 39. What is the tens digit of o(1)?
7
Let d be (-1 + 4 + -5)*(-3 + 1). What is the tens digit of 10/d*(2 - (-552)/20)?
7
Suppose -11*c + 10229 + 33936 = 0. What is the tens digit of c?
1
Suppose 3*v - 35 = 2*r, 2*r + 9 + 4 = v. Suppose 0 = v*q - 222 - 438. What is the tens digit of q?
6
Suppose -4*t - 2164 = -5*i, -5*i - 2*t + t + 2159 = 0. Suppose 0 = -11*f + 5*f + i. What is the tens digit of f?
7
Let j be (75/10)/(1/(-86)). Let f be j/(-10)*(-2)/3. Let h = 83 + f. What is the units digit of h?
0
Suppose 0 = 4*r - 6*r + 304. Let x = r - 73. Suppose 2*l + v - x = -l, -l - 3*v = -29. What is the tens digit of l?
2
Suppose 17 - 2 = 5*o. Suppose 5*q = -3*i + 47, -o*q + 1 + 2 = 0. What is the units digit of i?
4
Let g = 11 + -9. Suppose 0 = -6*p + g*p - 132. Let u = p - -46. What is the tens digit of u?
1
Let q(y) = -13*y + 688. What is the units digit of q(-30)?
8
Let c = 59 + -55. Suppose -c*a + a + w + 644 = 0, 4*a - 842 = -2*w. What is the tens digit of a?
1
Suppose p - 10 - 3 = 0. Suppose 3*z - 14 = p. What is the units digit of 4/(-6) - (-267)/z?
9
Let s = 5 - 1. Suppose -2*w - 2 = -4*n, -5*w + 10 = -s*n - n. Suppose 7 = 6*b - w. What is the units digit of b?
2
Let o(d) = -d**3 + d**2 + d - 2. Let y be o(0). What is the tens digit of 3/(30/(-185))*y?
3
Let n be -1 + 5 + -1 + 1. Suppose -3*d + 1 = 2*a, -a + 2*a - n*d - 6 = 0. Suppose a*t + 30 = 3*t. What is the units digit of t?
0
Suppose 0 = -2*n + 1608 - 490. What is the hundreds digit of n?
5
Let z(s) = -s**2 - s + 82. Let q be z(0). Suppose -q = 5*v + m - 264, 0 = -4*v + 4*m + 136. What is the units digit of v?
6
Let v(l) = -l**3 + 4*l**2 + 7*l - 7. Let o be v(5). Let a be 8/o + (-4)/6. Suppose 0 = -5*u + 3*x + 14, a*u + 2*x = 7 + 5. What is the units digit of u?
4
Let d = -31 + 38. Suppose -4*v + d*v = 0. Let w = 83 + v. What is the tens digit of w?
8
Let a(r) = 3*r**2 - 4. Let w be a(-2). Let y = 203 - 119. Suppose y + w = 4*u. What is the units digit of u?
3
Let z(s) = -47*s**2 + 3*s + s + 1 - 7*s**2 - 2*s. Let t be z(-1). What is the units digit of (-572)/t - 4/10?
0
Let p = 23 + -20. Suppose -3 = -p*c + 15. Suppose -c = 2*b - 30. What is the units digit of b?
2
Let c(j) = -17*j**2 + 15*j - 10. Let p(q) = -6*q**2 + 5*q - 3. Let l(a) = 2*c(a) - 7*p(a). What is the units digit of l(-4)?
9
Let y(b) = 4*b + 0*b + 3*b - 9*b + 12. What is the tens digit of y(-2)?
1
What is the tens digit of (-497 + 501)*1*-1*-856?
2
Let r be (2/(-4))/((-2)/16). Suppose -5*c = 4*q - 60, -r*c - q + 61 = 13. Suppose c = y + 1. What is the units digit of y?
1
Suppose 41*v - 9975 = 34*v. What is the hundreds digit of v?
4
Let x be 84/10*(-460)/(-8). Suppose 5*b - 809 = -5*d + d, -3*d = 3*b - x. What is the units digit of b?
5
What is the hundreds digit of 5 + 4/(-1) - 108*-2?
2
Suppose 8454 = 2*f - 4*n, -24*f + 22*f - 4*n = -8470. What is the tens digit of f?
3
Suppose z + 8 - 5 = 0. Let h = z + 8. What is the units digit of h?
5
Suppose z - 6 = -o, 0*o + 4*o - 4*z = -8. Suppose -4*g = -o*g - 46. What is the tens digit of g?
2
Suppose 2*n - 4*s - 542 = 0, 4*s = -3*n + 8*s + 809. What is the units digit of n?
7
Let g = -180 + 619. What is the hundreds digit of g?
4
Let g(z) be the third derivative of z**4/12 - z**3/3 - 6*z**2. Let c(a) = -3*a + 1. Let q be c(-2). What is the units digit of g(q)?
2
Let u(y) = -28 - 28*y + 10 + 16. Let z be u(-1). Suppose -h = k - 6*k - z, 3*h - 3*k - 30 = 0. What is the units digit of h?
6
Suppose -48 - 28 = -4*j. Let b = 28 - j. Let w(h) = h. What is the units digit of w(b)?
9
Suppose -2*t + 779 = -375. Let h = t + -408. What is the units digit of h?
9
Let v(u) be the third derivative of 0*u**4 + 0*u + 1/20*u**5 - u**2 + 1/3*u**3 - 1/120*u**6 + 0. What is the units digit of v(2)?
6
Let g be (-4)/(15/6 + -3). Suppose 5*q + 2 + 8 = -4*k, -4*k + 4*q + g = 0. Let a = k - -62. What is the tens digit of a?
6
Suppose 3198 = 5*c - 177. What is the units digit of c?
5
Let a(d) = -37*d + 190. What is the units digit of a(-4)?
8
Suppose 0 = 3*y - 2*y - 25. Suppose o - y = 63. What is the tens digit of o?
8
What is the units digit of 27/(-4)*(3 - (-641)/(-3))?
2
Let b(w) = -w - 12. Let t be b(-6). What is the tens digit of (-6)/((t/36)/((-14)/(-9)))?
5
Suppose 0 = 2*f - a - 1460, 0 = 5*f - 9*a + 7*a - 3648. What is the tens digit of f?
2
Let d(j) = -27*j - 402. What is the tens digit of d(-30)?
0
Let b(s) = -3*s + 1. Let q(h) = 4*h. Let i(a) = -a + 4. Let w be i(9). Let z(f) = w*b(f) - 4*q(f). What is the units digit of z(-9)?
4
Let k be 6 + 2 - (9 + -5). What is the tens digit of (12 + (-3 - 1))*k?
3
What is the units digit of (-4*3/(-4))/((-15)/(-170))?
4
Let w = 903 - 910. Let q(m) = -5*m - 2. Let s be q(-6). Let k = w + s. What is the units digit of k?
1
Let f be 468/2*(65/10 + -6). Let t = 3 + f. What is the tens digit of t?
2
What is the tens digit of (19/38)/(((-7)/(-1082))/7)?
4
Let u = -4 + 6. Let m(g) = 2*g**3 + g - 2*g**2 - 3*g**2 + 1 + 4*g**3 + 2*g**u. What is the units digit of m(2)?
9
Let u(d) = -d - 7. Let s be u(7). Let c = 14 + s. Let z(i) = i**2 + i + 19. What is the units digit of z(c)?
9
Suppose 72 = 5*g + 7. Let b(a) = a**3 + 11*a**2 + 7*a - 19. Let i be b(-10). Let l = g - i. What is the units digit of l?
2
Let k = -633 - -916. What is the hundreds digit of k?
2
Suppose 0 = -r - r + 20. Let s = r - 0. Let m = s - -13. What is the units digit of m?
3
Suppose 3*k = -2*j + 7641, -464*k + 3*j - 10188 = -468*k. What is the thousands digit of k?
2
Let r(u) be the third derivative of -u**6/120 - u**5/20 - 5*u**2. Let m be r(-3). Suppose 3*a - 2 - 4 = m, -b + 2*a = -36. What is the units digit of b?
0
Let j = 11 + -8. Suppose 38 = -j*r + 122. What is the tens digit of r?
2
Let y be (12/18)/((-1)/(-3)). Suppose -40 = -y*c + 8. What is the units digit of c?
4
Let h = -107 + 269. Let q be (4/(-3))/((-4)/h). Suppose -q = -3*s + 3*n, -72 = -4*s + n - 2*n. What is the tens digit of s?
1
Suppose 0*a = 4*a + 20, 3*k = -3*a - 9. Suppose 0 = 6*q + k*q - 776. What is the units digit of q?
7
Let w(u) = 8*u**2 + 13*u + 181. What is the thousands digit of w(17)?
2
Let r = -41 - -46. Suppose -r*q - 18 = -11*q. What is the units digit of q?
3
Suppose 0 = 3*v - 4*v + 5*a - 19, -5*v + 10 = -4*a. Let k(s) = 8 + v - s**3 + 8 - 6. What is the units digit of k(0)?
6
Let o(c) = c**3 + 10*c**2 + 7*c + 10. Let d be (0 + 18/(-4))*2. Let p be o(d). Suppose -42 = -5*n + p. What is the units digit of n?
4
What is the thousands digit of (4515/7 + -6)*10/3?
2
Let j(p) = p**3 + 12*p**2 + 3. Suppose -2*m = 2*m + 48. Let i be j(m). Let k(g) = -g**2 + 3*g + 4. What is the units digit of k(i)?
4
Let g = 361 + -323. What is the tens digit of g?
3
What is the hundreds digit of (4/6)/((-22)/(-29436))?
8
Let s(k) = k**3 + 8*k**2 + 2*k - 7. Let b be s(-5). Let h be ((-30)/(-8))/(-5 + 39/8). Let u = h + b. What is the tens digit of u?
2
Let f(z) = -z**3 + 5*z**2 + 3*z - 9. Suppose 17 = -5*u - 43. Let o = u - -16. What is the units digit of f(o)?
9
Suppose 3*r - 5*a = -4*a + 203, 0 = -4*r - a + 266. Let m = -39 + r. What is the tens digit of m?
2
Let a be (-4 - -3)*2 + 59. Suppose -i + 0*i - 2*g + a = 0, -6 = -2*g. What is the tens digit of i?
5
What is the hundreds digit of ((-21)/(-5))/(2 + 1258/(-630))?
3
Let f = 32 - 7. Suppose -3*m - 2*m = -f. Suppose 5*q - 10 = -m. What is the units digit of q?
1
Let x be (-2)/3 + 164/(-6). Let j = -79 + 51. What is the units digit of (7/x)/(1/j)?
7
Suppose h - 11 = -4*n, 0 = h + 3*h + 4*n - 68. Let u = h + -16. Suppose -176 = -3*m - f, 4*m - 68 = u*m + 2*f. What is the tens digit of m?
6
Let i(s) = -2*s**2 - 16*s - 16. Let v be i(-9). What is the tens digit of 2112/20 + -3 + v/(-10)?
0
Suppose 3*q + 2104 = 11*q. What is the hundreds digit of q?
2
Let k = 244 + -82. What is the hundreds digit of k?
1
Let m(o) = o**2 + 11*o - 11. Let t be m(-12). Let v(p) = -8 - 7 + 13 + 9*p. What is the units digit of v(t)?
7
Suppose -g - g + 848 = 0. Suppose 400 = 4*v + p, 